[INFO] fetching crate huebridge 0.3.0...
[INFO] checking huebridge-0.3.0 against try#72f88fc4e9458f89516a0b8b0868f3718aec5b47 for pr-74989
[INFO] extracting crate huebridge 0.3.0 into /workspace/builds/worker-2/source
[INFO] validating manifest of crates.io crate huebridge 0.3.0 on toolchain 72f88fc4e9458f89516a0b8b0868f3718aec5b47
[INFO] running `Command { std: "/workspace/cargo-home/bin/cargo" "+72f88fc4e9458f89516a0b8b0868f3718aec5b47" "read-manifest" "--manifest-path" "Cargo.toml", kill_on_drop: false }`
[INFO] started tweaking crates.io crate huebridge 0.3.0
[INFO] finished tweaking crates.io crate huebridge 0.3.0
[INFO] tweaked toml for crates.io crate huebridge 0.3.0 written to /workspace/builds/worker-2/source/Cargo.toml
[INFO] crate crates.io crate huebridge 0.3.0 already has a lockfile, it will not be regenerated
[INFO] running `Command { std: "/workspace/cargo-home/bin/cargo" "+72f88fc4e9458f89516a0b8b0868f3718aec5b47" "fetch" "--locked" "--manifest-path" "Cargo.toml", kill_on_drop: false }`
[INFO] [stderr]  Downloading crates ...
[INFO] [stderr]   Downloaded tokio v0.2.20
[INFO] running `Command { std: "docker" "create" "-v" "/var/lib/crater-agent-workspace/builds/worker-2/target:/opt/rustwide/target:rw,Z" "-v" "/var/lib/crater-agent-workspace/builds/worker-2/source:/opt/rustwide/workdir:ro,Z" "-v" "/var/lib/crater-agent-workspace/cargo-home:/opt/rustwide/cargo-home:ro,Z" "-v" "/var/lib/crater-agent-workspace/rustup-home:/opt/rustwide/rustup-home:ro,Z" "-e" "SOURCE_DIR=/opt/rustwide/workdir" "-e" "CARGO_TARGET_DIR=/opt/rustwide/target" "-e" "CARGO_HOME=/opt/rustwide/cargo-home" "-e" "RUSTUP_HOME=/opt/rustwide/rustup-home" "-w" "/opt/rustwide/workdir" "-m" "1610612736" "--user" "0:0" "--network" "none" "rustops/crates-build-env@sha256:d92eaeed33fa75130ca1ee6c8a01d1ffb62bac859dfdfb3450e3e5d1c0146529" "/opt/rustwide/cargo-home/bin/cargo" "+72f88fc4e9458f89516a0b8b0868f3718aec5b47" "metadata" "--no-deps" "--format-version=1", kill_on_drop: false }`
[INFO] [stdout] 29967819dbd62e0bc2221bc5830f48dfa1fa3c0505a23c4e3cd6262e3c0ef613
[INFO] [stderr] WARNING: Your kernel does not support swap limit capabilities or the cgroup is not mounted. Memory limited without swap.
[INFO] running `Command { std: "docker" "start" "-a" "29967819dbd62e0bc2221bc5830f48dfa1fa3c0505a23c4e3cd6262e3c0ef613", kill_on_drop: false }`
[INFO] running `Command { std: "docker" "inspect" "29967819dbd62e0bc2221bc5830f48dfa1fa3c0505a23c4e3cd6262e3c0ef613", kill_on_drop: false }`
[INFO] running `Command { std: "docker" "rm" "-f" "29967819dbd62e0bc2221bc5830f48dfa1fa3c0505a23c4e3cd6262e3c0ef613", kill_on_drop: false }`
[INFO] [stdout] 29967819dbd62e0bc2221bc5830f48dfa1fa3c0505a23c4e3cd6262e3c0ef613
[INFO] running `Command { std: "docker" "create" "-v" "/var/lib/crater-agent-workspace/builds/worker-2/target:/opt/rustwide/target:rw,Z" "-v" "/var/lib/crater-agent-workspace/builds/worker-2/source:/opt/rustwide/workdir:ro,Z" "-v" "/var/lib/crater-agent-workspace/cargo-home:/opt/rustwide/cargo-home:ro,Z" "-v" "/var/lib/crater-agent-workspace/rustup-home:/opt/rustwide/rustup-home:ro,Z" "-e" "SOURCE_DIR=/opt/rustwide/workdir" "-e" "CARGO_TARGET_DIR=/opt/rustwide/target" "-e" "CARGO_INCREMENTAL=0" "-e" "RUST_BACKTRACE=full" "-e" "RUSTFLAGS=--cap-lints=forbid" "-e" "CARGO_HOME=/opt/rustwide/cargo-home" "-e" "RUSTUP_HOME=/opt/rustwide/rustup-home" "-w" "/opt/rustwide/workdir" "-m" "1610612736" "--user" "0:0" "--network" "none" "rustops/crates-build-env@sha256:d92eaeed33fa75130ca1ee6c8a01d1ffb62bac859dfdfb3450e3e5d1c0146529" "/opt/rustwide/cargo-home/bin/cargo" "+72f88fc4e9458f89516a0b8b0868f3718aec5b47" "check" "--frozen" "--all" "--all-targets" "--message-format=json", kill_on_drop: false }`
[INFO] [stdout] 8eeeffba8b881b0f0d044fea5fa7677b20afd9d179a57ea1cef756bd07c94c09
[INFO] [stderr] WARNING: Your kernel does not support swap limit capabilities or the cgroup is not mounted. Memory limited without swap.
[INFO] running `Command { std: "docker" "start" "-a" "8eeeffba8b881b0f0d044fea5fa7677b20afd9d179a57ea1cef756bd07c94c09", kill_on_drop: false }`
[INFO] [stderr]    Compiling pkg-config v0.3.17
[INFO] [stderr]    Compiling proc-macro2 v1.0.12
[INFO] [stderr]    Compiling syn v1.0.19
[INFO] [stderr]     Checking pin-project-lite v0.1.5
[INFO] [stderr]     Checking foreign-types-shared v0.1.1
[INFO] [stderr]    Compiling native-tls v0.2.4
[INFO] [stderr]     Checking smallvec v1.4.0
[INFO] [stderr]     Checking futures-io v0.3.4
[INFO] [stderr]     Checking openssl-probe v0.1.2
[INFO] [stderr]     Checking percent-encoding v2.1.0
[INFO] [stderr]     Checking mime v0.3.16
[INFO] [stderr]     Checking base64 v0.11.0
[INFO] [stderr]    Compiling error-chain v0.12.2
[INFO] [stderr]    Compiling backtrace-sys v0.1.37
[INFO] [stderr]    Compiling indexmap v1.3.2
[INFO] [stderr]     Checking futures-channel v0.3.4
[INFO] [stderr]     Checking foreign-types v0.3.2
[INFO] [stderr]     Checking encoding_rs v0.8.22
[INFO] [stderr]     Checking net2 v0.2.34
[INFO] [stderr]     Checking want v0.3.0
[INFO] [stderr]     Checking futures-util v0.3.4
[INFO] [stderr]     Checking serde_json v1.0.52
[INFO] [stderr]     Checking unicode-normalization v0.1.12
[INFO] [stderr]     Checking regex v1.3.7
[INFO] [stderr]     Checking mime_guess v2.0.3
[INFO] [stderr]     Checking mio v0.6.22
[INFO] [stderr]    Compiling openssl-sys v0.9.55
[INFO] [stderr]     Checking backtrace v0.3.46
[INFO] [stderr]    Compiling quote v1.0.4
[INFO] [stderr]     Checking tokio v0.2.20
[INFO] [stderr]     Checking idna v0.2.0
[INFO] [stderr]    Compiling openssl v0.10.29
[INFO] [stderr]     Checking url v2.1.1
[INFO] [stderr]     Checking serde_urlencoded v0.6.1
[INFO] [stderr]     Checking tokio-util v0.3.1
[INFO] [stderr]     Checking tokio-tls v0.3.1
[INFO] [stderr]     Checking h2 v0.2.5
[INFO] [stderr]    Compiling pin-project-internal v0.4.13
[INFO] [stderr]    Compiling serde_derive v1.0.106
[INFO] [stderr]     Checking pin-project v0.4.13
[INFO] [stderr]     Checking hyper v0.13.5
[INFO] [stderr]     Checking hyper-tls v0.4.1
[INFO] [stderr]     Checking reqwest v0.10.4
[INFO] [stderr]     Checking huebridge v0.3.0 (/opt/rustwide/workdir)
[INFO] [stdout] error[E0433]: failed to resolve: use of undeclared type or module `hueclient`
[INFO] [stdout]   --> examples/hue_register_user.rs:21:21
[INFO] [stdout]    |
[INFO] [stdout] 21 |                 Err(hueclient::HueError(hueclient::HueErrorKind::BridgeError(code, _), _))
[INFO] [stdout]    |                     ^^^^^^^^^ use of undeclared type or module `hueclient`
[INFO] [stdout] 
[INFO] [stdout] 
[INFO] [stdout] error[E0433]: failed to resolve: use of undeclared type or module `hueclient`
[INFO] [stdout]   --> examples/hue_register_user.rs:21:41
[INFO] [stdout]    |
[INFO] [stdout] 21 |                 Err(hueclient::HueError(hueclient::HueErrorKind::BridgeError(code, _), _))
[INFO] [stdout]    |                                         ^^^^^^^^^ use of undeclared type or module `hueclient`
[INFO] [stdout] 
[INFO] [stdout] 
[INFO] [stdout] error[E0433]: failed to resolve: could not find `hueclient` in `{{root}}`
[INFO] [stdout]   --> examples/hue_register_user.rs:11:43
[INFO] [stdout]    |
[INFO] [stdout] 11 |         let bridge = ::hueclient::bridge::Bridge::discover_required();
[INFO] [stdout]    |                                           ^^^^^^ not found in `hueclient::bridge`
[INFO] [stdout]    |
[INFO] [stdout] help: consider importing this struct
[INFO] [stdout]    |
[INFO] [stdout] 2  | use huebridge::bridge::Bridge;
[INFO] [stdout]    |
[INFO] [stdout] 
[INFO] [stdout] 
[INFO] [stdout] error[E0433]: failed to resolve: could not find `hueclient` in `{{root}}`
[INFO] [stdout]   --> examples/hue_get_all_lights.rs:11:39
[INFO] [stdout]    |
[INFO] [stdout] 11 |     let bridge = ::hueclient::bridge::Bridge::discover_required().with_user(args[1].to_string());
[INFO] [stdout]    |                                       ^^^^^^ not found in `hueclient::bridge`
[INFO] [stdout]    |
[INFO] [stdout] help: consider importing this struct
[INFO] [stdout]    |
[INFO] [stdout] 2  | use huebridge::bridge::Bridge;
[INFO] [stdout]    |
[INFO] [stdout] 
[INFO] [stdout] 
[INFO] [stdout] error[E0433]: failed to resolve: could not find `hueclient` in `{{root}}`
[INFO] [stdout]   --> examples/hue_set_light_state.rs:17:39
[INFO] [stdout]    |
[INFO] [stdout] 17 |     let bridge = ::hueclient::bridge::Bridge::discover_required().with_user(args[1].to_string());
[INFO] [stdout]    |                                       ^^^^^^ not found in `hueclient::bridge`
[INFO] [stdout]    |
[INFO] [stdout] help: consider importing this struct
[INFO] [stdout]    |
[INFO] [stdout] 4  | use huebridge::bridge::Bridge;
[INFO] [stdout]    |
[INFO] [stdout] 
[INFO] [stdout] 
[INFO] [stdout] error[E0433]: failed to resolve: use of undeclared type or module `hueclient`
[INFO] [stdout]   --> examples/hue_set_light_state.rs:30:36
[INFO] [stdout]    |
[INFO] [stdout] 30 |         "on" => hueclient::bridge::CommandLight::default().on(),
[INFO] [stdout]    |                                    ^^^^^^^^^^^^ not found in `hueclient::bridge`
[INFO] [stdout]    |
[INFO] [stdout] help: consider importing this struct
[INFO] [stdout]    |
[INFO] [stdout] 4  | use huebridge::commandlight::CommandLight;
[INFO] [stdout]    |
[INFO] [stdout] 
[INFO] [stdout] 
[INFO] [stdout] error[E0433]: failed to resolve: use of undeclared type or module `hueclient`
[INFO] [stdout]   --> examples/hue_set_light_state.rs:31:37
[INFO] [stdout]    |
[INFO] [stdout] 31 |         "off" => hueclient::bridge::CommandLight::default().off(),
[INFO] [stdout]    |                                     ^^^^^^^^^^^^ not found in `hueclient::bridge`
[INFO] [stdout]    |
[INFO] [stdout] help: consider importing this struct
[INFO] [stdout]    |
[INFO] [stdout] 4  | use huebridge::commandlight::CommandLight;
[INFO] [stdout]    |
[INFO] [stdout] 
[INFO] [stdout] 
[INFO] [stdout] error[E0433]: failed to resolve: use of undeclared type or module `hueclient`
[INFO] [stdout]   --> examples/hue_set_light_state.rs:34:50
[INFO] [stdout]    |
[INFO] [stdout] 34 |             let mut command = hueclient::bridge::CommandLight::default().on();
[INFO] [stdout]    |                                                  ^^^^^^^^^^^^ not found in `hueclient::bridge`
[INFO] [stdout]    |
[INFO] [stdout] help: consider importing this struct
[INFO] [stdout]    |
[INFO] [stdout] 4  | use huebridge::commandlight::CommandLight;
[INFO] [stdout]    |
[INFO] [stdout] 
[INFO] [stdout] 
[INFO] [stdout] error[E0433]: failed to resolve: use of undeclared type or module `hueclient`
[INFO] [stdout]   --> examples/hue_set_light_state.rs:42:50
[INFO] [stdout]    |
[INFO] [stdout] 42 |             let mut command = hueclient::bridge::CommandLight::default().on();
[INFO] [stdout]    |                                                  ^^^^^^^^^^^^ not found in `hueclient::bridge`
[INFO] [stdout]    |
[INFO] [stdout] help: consider importing this struct
[INFO] [stdout]    |
[INFO] [stdout] 4  | use huebridge::commandlight::CommandLight;
[INFO] [stdout]    |
[INFO] [stdout] 
[INFO] [stdout] 
[INFO] [stdout] error[E0433]: failed to resolve: use of undeclared type or module `hueclient`
[INFO] [stdout]   --> examples/hue_set_light_state.rs:50:50
[INFO] [stdout]    |
[INFO] [stdout] 50 |             let mut command = hueclient::bridge::CommandLight::default().on();
[INFO] [stdout]    |                                                  ^^^^^^^^^^^^ not found in `hueclient::bridge`
[INFO] [stdout]    |
[INFO] [stdout] help: consider importing this struct
[INFO] [stdout]    |
[INFO] [stdout] 4  | use huebridge::commandlight::CommandLight;
[INFO] [stdout]    |
[INFO] [stdout] 
[INFO] [stdout] 
[INFO] [stdout] error[E0433]: failed to resolve: use of undeclared type or module `hueclient`
[INFO] [stdout]   --> examples/hue_set_light_state.rs:62:50
[INFO] [stdout]    |
[INFO] [stdout] 62 |             let mut command = hueclient::bridge::CommandLight::default().on();
[INFO] [stdout]    |                                                  ^^^^^^^^^^^^ not found in `hueclient::bridge`
[INFO] [stdout]    |
[INFO] [stdout] help: consider importing this struct
[INFO] [stdout]    |
[INFO] [stdout] 4  | use huebridge::commandlight::CommandLight;
[INFO] [stdout]    |
[INFO] [stdout] 
[INFO] [stdout] 
[INFO] [stdout] error[E0433]: failed to resolve: use of undeclared type or module `hueclient`
[INFO] [stdout]   --> examples/hue_set_light_state.rs:77:50
[INFO] [stdout]    |
[INFO] [stdout] 77 |             let mut command = hueclient::bridge::CommandLight::default().on();
[INFO] [stdout]    |                                                  ^^^^^^^^^^^^ not found in `hueclient::bridge`
[INFO] [stdout]    |
[INFO] [stdout] help: consider importing this struct
[INFO] [stdout]    |
[INFO] [stdout] 4  | use huebridge::commandlight::CommandLight;
[INFO] [stdout]    |
[INFO] [stdout] 
[INFO] [stdout] 
[INFO] [stdout] error: aborting due to 3 previous errors
[INFO] [stdout] 
[INFO] [stdout] 
[INFO] [stdout] For more information about this error, try `rustc --explain E0433`.
[INFO] [stdout] 
[INFO] [stderr] error: could not compile `huebridge`.
[INFO] [stderr] 
[INFO] [stderr] To learn more, run the command again with --verbose.
[INFO] [stderr] warning: build failed, waiting for other jobs to finish...
[INFO] [stdout] error: aborting due to 8 previous errors
[INFO] [stdout] 
[INFO] [stdout] 
[INFO] [stdout] For more information about this error, try `rustc --explain E0433`.
[INFO] [stdout] 
[INFO] [stdout] error[E0599]: no function or associated item named `discover` found for struct `Bridge` in the current scope
[INFO] [stdout]  --> examples/hue_discover_bridge.rs:6:26
[INFO] [stdout]   |
[INFO] [stdout] 6 |     let bridge = Bridge::discover().unwrap();
[INFO] [stdout]   |                          ^^^^^^^^ function or associated item not found in `Bridge`
[INFO] [stdout] 
[INFO] [stdout] 
[INFO] [stdout] error: aborting due to previous error
[INFO] [stdout] 
[INFO] [stdout] 
[INFO] [stdout] For more information about this error, try `rustc --explain E0599`.
[INFO] [stdout] 
[INFO] [stdout] error[E0609]: no field `id` on type `&_`
[INFO] [stdout]   --> examples/hue_get_all_lights.rs:18:23
[INFO] [stdout]    |
[INFO] [stdout] 18 |                     l.id,
[INFO] [stdout]    |                       ^^
[INFO] [stdout] 
[INFO] [stdout] 
[INFO] [stdout] error: aborting due to 2 previous errors
[INFO] [stdout] 
[INFO] [stdout] 
[INFO] [stdout] Some errors have detailed explanations: E0433, E0609.
[INFO] [stdout] 
[INFO] [stdout] For more information about an error, try `rustc --explain E0433`.
[INFO] [stdout] 
[INFO] [stderr] error: build failed
[INFO] running `Command { std: "docker" "inspect" "8eeeffba8b881b0f0d044fea5fa7677b20afd9d179a57ea1cef756bd07c94c09", kill_on_drop: false }`
[INFO] running `Command { std: "docker" "rm" "-f" "8eeeffba8b881b0f0d044fea5fa7677b20afd9d179a57ea1cef756bd07c94c09", kill_on_drop: false }`
[INFO] [stdout] 8eeeffba8b881b0f0d044fea5fa7677b20afd9d179a57ea1cef756bd07c94c09
